divided by 3?
1
Calculate the remainder when 6639022 is divided by 6639010.
12
Calculate the remainder when 12998 is divided by 3750.
1748
Calculate the remainder when 37691871 is divided by 8.
7
What is the remainder when 655284364 is divided by 198?
196
Calculate the remainder when 2834691 is divided by 3300.
3291
What is the remainder when 21477614 is divided by 405238?
0
What is the remainder when 20993 is divided by 1047?
53
What is the remainder when 77871037 is divided by 462?
13
What is the remainder when 711632 is divided by 177908?
0
Calculate the remainder when 298956 is divided by 396.
372
Calculate the remainder when 8405164 is divided by 1198.
1194
Calculate the remainder when 54751 is divided by 54186.
565
Calculate the remainder when 714438 is divided by 589.
570
Calculate the remainder when 19585 is divided by 5852.
2029
Calculate the remainder when 280610 is divided by 238.
8
What is the remainder when 10985970 is divided by 610331?
12
What is the remainder when 6329695 is divided by 10144?
9983
Calculate the remainder when 20455375 is divided by 296.
295
What is the remainder when 207625 is divided by 13797?
670
Calculate the remainder when 593451 is divided by 49387.
807
Calculate the remainder when 1061797 is divided by 15167.
107
What is the remainder when 413754 is divided by 41263?
1124
Calculate the remainder when 22732571 is divided by 824.
59
What is the remainder when 101823 is divided by 101627?
196
What is the remainder when 8325913 is divided by 4785?
13
Calculate the remainder when 17678231 is divided by 1144.
1143
What is the remainder when 86448 is divided by 16758?
2658
What is the remainder when 2659470 is divided by 73?
7
What is the remainder when 1804258 is divided by 671?
610
What is the remainder when 33384507 is divided by 267076?
7
What is the remainder when 36671979 is divided by 214456?
3
Calculate the remainder when 109564 is divided by 3912.
28
Calculate the remainder when 4705523 is divided by 4705420.
103
What is the remainder when 212463 is divided by 106183?
97
What is the remainder when 342654 is divided by 12129?
3042
Calculate the remainder when 272522427 is divided by 6.
3
Calculate the remainder when 908392 is divided by 151377.
130
Calculate the remainder when 15137580 is divided by 1087.
18
What is the remainder when 486619 is divided by 22115?
89
What is the remainder when 2194367 is divided by 625?
617
Calculate the remainder when 576708 is divided by 288327.
54
Calculate the remainder when 3183058 is divided by 1304.
1298
What is the remainder when 15765099 is divided by 107979?
165
What is the remainder when 1154050 is divided by 379?
374
What is the remainder when 48992 is divided by 909?
815
Calculate the remainder when 1745416 is divided by 436353.
4
Calculate the remainder when 171303 is divided by 2901.
144
What is the remainder when 64351 is divided by 10106?
3715
Calculate the remainder when 2353832 is divided by 273.
26
What is the remainder when 325008 is divided by 7552?
272
Calculate the remainder when 10344897 is divided by 423.
9
Calculate the remainder when 7399674 is divided by 480.
474
What is the remainder when 80268 is divided by 979?
969
Calculate the remainder when 4320661 is divided by 3.
1
Calculate the remainder when 8153176 is divided by 1063.
1029
Calculate the remainder when 1445424 is divided by 328.
256
Calculate the remainder when 30457391 is divided by 5076221.
65
What is the remainder when 26326199 is divided by 3560?
3559
What is the remainder when 713071 is divided by 643?
627
Calculate the remainder when 17452343 is divided by 5817419.
86
Calculate the remainder when 10452 is divided by 2600.
52
Calculate the remainder when 40789397 is divided by 4078939.
7
What is the remainder when 26892 is divided by 6174?
2196
Calculate the remainder when 27231 is divided by 26771.
460
Calculate the remainder when 344333 is divided by 46.
23
Calculate the remainder when 38158395 is divided by 974.
971
Calculate the remainder when 4427137 is divided by 5856.
1
Calculate the remainder when 300026 is divided by 68.
10
Calculate the remainder when 123265601 is divided by 22.
19
Calculate the remainder when 34560963 is divided by 31.
24
Calculate the remainder when 75332 is divided by 9260.
1252
What is the remainder when 19642464 is divided by 16?
0
Calculate the remainder when 6272 is divided by 241.
6
Calculate the remainder when 78661022 is divided by 163.
156
Calculate the remainder when 9570257 is divided by 134791.
96
Calculate the remainder when 652903 is divided by 1360.
103
What is the remainder when 1478767 is divided by 199?
197
Calculate the remainder when 18553016 is divided by 18553005.
11
Calculate the remainder when 29710834 is divided by 33.
10
What is the remainder when 1841301 is divided by 893?
828
What is the remainder when 2156202 is divided by 7334?
6
What is the remainder when 2948187 is divided by 26?
21
What is the remainder when 876322 is divided by 1956?
34
What is the remainder when 67447834 is divided by 1586?
12
What is the remainder when 304509 is divided by 5436?
93
What is the remainder when 4404078 is divided by 440407?
8
What is the remainder when 340733 is divided by 85136?
189
What is the remainder when 94071765 is divided by 47035878?
9
What is the remainder when 72505 is divided by 24046?
367
What is the remainder when 5609919 is divided by 827?
378
What is the remainder when 5995894 is divided by 315571?
45
Calculate the remainder when 180449 is divided by 1542.
35
Calculate the remainder when 608113 is divided by 1762.
223
Calculate the remainder when 1460505 is divided by 437.
51
What is the remainder when 335679 is divided by 8231?
6439
What is the remainder when 119962 is divided by 5436?
370
What is the remainder when 1051680 is divided by 260801?
8476
Calculate the remainder when 217856 is divided by 128.
0
Calculate the remainder when 584294 is divided by 146056.
70
Calculate the remainder when 35681 is divided by 8388.
2129
What is the remainder when 106388942 is divided by 191347?
10
What is the remainder when 63034 is divided by 1141?
279
What is the remainder when 788535 is divided by 5?
0
What is the remainder when 451380365 is divided by 3056?
3053
What is the remainder when 243815 is divided by 78?
65
Calculate the remainder when 418584061 is divided by 2977.
2976
Calculate the remainder when 38817 is divided by 6438.
189
Calculate the remainder when 235859 is divided by 319.
118
What is the remainder when 5855801 is divided by 1422?
5
Calculate the remainder when 39710 is divided by 5651.
153
What is the remainder when 41507 is divided by 198?
125
Calculate the remainder when 167563 is divided by 294.
277
Calculate the remainder when 464218793 is divided by 78.
77
What is the remainder when 97362 is divided by 16188?
234
What is the remainder when 517148747 is divided by 18?
17
What is the remainder when 3458350 is divided by 1744?
1742
Calculate the remainder when 4938573 is divided by 822.
819
What is the remainder when 185963 is divided by 36781?
2058
Calculate the remainder when 1976886 is divided by 47058.
450
What is the remainder when 3406784 is divided by 964?
8
What is the remainder when 288986 is divided by 171?
167
What is the remainder when 1071772251 is divided by 2394?
2391
Calculate the remainder when 9677981 is divided by 7.
5
What is the remainder when 1229374 is divided by 2022?
2020
Calculate the remainder when 251237 is divided by 42.
35
Calculate the remainder when 68647 is divided by 1615.
817
What is the remainder when 21215265 is divided by 4243048?
25
What is the remainder when 64112938 is divided by 4007057?
26
What is the remainder when 151217 is divided by 47?
18
Calculate the remainder when 17336066 is divided by 502.
500
What is the remainder when 473343 is divided by 7171?
57
What is the remainder when 1109196 is divided by 385?
11
Calculate the remainder when 481454 is divided by 120352.
46
What is the remainder when 5351785 is divided by 66897?
25
What is the remainder when 43841565 is divided by 1623761?
18
Calculate the remainder when 6516874 is divided by 3258408.
58
What is the remainder when 73640 is divided by 174?
38
Calculate the remainder when 17314394 is divided b